- 3*x = x + 479, -v*x - 1464 = -k*g. Is g composite?
False
Let o(c) = 1278*c - 79. Let u be o(21). Let d = 39924 - u. Is d prime?
False
Suppose -59*q + 37*q - 323154 = -40*q. Is q composite?
True
Suppose 240 = 83*c - 80*c. Suppose c*s + 2412 = 83*s. Let k = s + -142. Is k prime?
False
Suppose -j + 3*t + 163761 + 167108 = 0, j + 4*t - 330911 = 0. Is j composite?
False
Suppose 3*d + 3793 = -3*v + 124087, -20 = -5*d. Is v a prime number?
False
Let x = 172 + -171. Is (x + (-6)/4)/(7/(-194726)) a prime number?
False
Let i(x) = 2682*x**2 - 155*x - 804. Is i(-5) a composite number?
False
Let d = 187171 - 40102. Is d/65 - (-2)/5 prime?
False
Let v = 5612 - -99441. Is v prime?
False
Suppose 6*r - 70 = r. Let y be 6/(-21) - (-46)/r. Suppose -192 = -y*o - 39. Is o prime?
False
Let o(z) = -2*z**2 + 12*z + 9. Let r(v) = -v**2 + 11*v + 8. Let t(n) = -2*o(n) + 3*r(n). Let m be t(-9). Is (-3 - 2260/m)/((-1)/3) a composite number?
True
Let o = 94 + -90. Suppose -4*p = 4*w + 117 - 717, 596 = o*p + 3*w. Is p composite?
True
Let l(m) = 69875*m + 148. Is l(9) prime?
True
Suppose 4*l = 4 + 4. Suppose 3*o - o + l*u = 0, 4 = o + 2*u. Is 34*4 - (o - -7) a prime number?
False
Let s(m) = -122*m + 12. Let i be s(-13). Suppose 2*q + i = 5200. Is q a composite number?
False
Let h(y) be the second derivative of -209*y**3 + 67*y**2/2 - y + 1. Is h(-10) composite?
True
Let k(q) be the first derivative of 723/2*q**2 + 37 + 5*q. Is k(4) a composite number?
False
Is 125/50*(3 - (-4409524)/20) + -1 a prime number?
True
Let f(a) = -13*a - 4. Let w be f(-3). Let v(u) = u**3 + 3*u**2 - 5*u - 14. Let g be v(-4). Let t = g + w. Is t composite?
True
Suppose 2*m - 20*m + 9343964 = 10*m. Is m a composite number?
False
Let p be 13716 + 6/(1*-12)*-8. Suppose 0 = -2*m + u + 5493, -7*m + 5*u + p = -2*m. Is m a prime number?
True
Is 368/2576 + 1/(7/3874086) composite?
True
Let y(r) be the first derivative of 84*r**3 - 15*r**2/2 + 77*r + 76. Is y(4) a composite number?
False
Suppose 0 = -3*j - 3, b + 5*j = -b - 34733. Is ((-42)/28)/(2 - (-34737)/b) composite?
True
Is 2*((1909569/(-14))/(-3) + 288/(-672)) prime?
True
Let q(i) = -61*i - 7. Let k be q(5). Suppose -3*b = -g + 383, -4*b - 5*g - 336 = 162. Let p = b - k. Is p composite?
True
Let c be 33 + (-5)/((-40)/(-6))*4. Suppose 3*m + 16 = -5*g - 0*g, 3*g + c = 5*m. Suppose m*h = 159 + 108. Is h composite?
False
Let h(m) = 2*m**2 + 10*m - 11. Let d be h(-6). Let f(w) = -w + 1. Let c(p) = p**2 + 4*p + 26. Let z(l) = d*c(l) - 3*f(l). Is z(-18) prime?
False
Suppose -818346 = -4*m - 2*l, -7*m + 1432116 = 91*l - 86*l. Is m a composite number?
False
Let x(a) = 7*a**3 - 31*a**2 + 10*a + 37. Is x(11) a composite number?
True
Let a be (-6)/15 + (-4119024)/240. Let p = -11098 - a. Is p a prime number?
False
Let y(j) = 101*j**3 + j**2. Let n be y(1). Suppose 5*p + 77 = n. Suppose 0 = 6*w - p*w - 247. Is w prime?
False
Suppose 287 = -9*r + 1853. Suppose 1365 = -5*u - 8*u. Let k = u + r. Is k prime?
False
Let j be -4 + 2 - 42/6. Let i be -2 + 15/j*(-1 + -2). Is (20/i + 2)/(4/174) a prime number?
False
Is 6*4/(-72) - 795051/(-27) a composite number?
True
Is (49 - 43) + (6647 - (-2 + 2)) a composite number?
False
Let q = 8 + -6. Let k be ((-1)/3)/((-42)/126)*47. Suppose -q*l - k = -1537. Is l a composite number?
True
Let x(v) be the second derivative of 19*v**4/12 + 10*v**3/3 - 43*v**2/2 + 71*v. Is x(-14) a prime number?
False
Let v = 1605 + 2936. Let a = v - 3076. Is a prime?
False
Suppose 15*j - 8192 = -j. Suppose 10*d = 14*d - 2*b - 1008, 2*d - j = -b. Is d a prime number?
False
Let m be ((-5)/4)/(-4 - (-189)/48). Let n be 10*(8/m)/1. Suppose 4*y + 2*f = 1052, n*y - 1052 = -2*f - 3*f. Is y a prime number?
True
Suppose 108*f = -2*t + 110*f + 402154, -4*t - 5*f = -804272. Is t a prime number?
True
Is ((-242)/22)/(1/(-809)) a prime number?
False
Let k be ((-96)/(-8))/(15/11470). Suppose 5*u = -5*x + 19210, 4*x + 6232 + k = 4*u. Is u a prime number?
True
Let y(n) = 75*n**2 - 4*n + 10. Suppose -2*q - 28 = -0. Let m = q + 19. Is y(m) a prime number?
False
Suppose 312980 = 6*t - 646954. Is t a composite number?
True
Let j = 67 + -57. Let l be (36/(-20) - (-8)/j)*-7. Suppose -11022 = -13*r + l*r. Is r a prime number?
False
Suppose 2*m = 0, -m + 6678 = -3*o + 22614. Suppose -5*z + o = 1267. Is z prime?
True
Let m = -104 - -166. Suppose 957 = -5*q + 4*a, q = 5*q + 2*a + 750. Let l = m - q. Is l prime?
True
Suppose 26 = 5*v - 2*g, 10*v - 7*v - g = 16. Suppose -4721 = -p + 4*o, 0 = -9*o + v*o. Is p a prime number?
True
Let f(q) = 6*q**2 + 4 + 0 - 5*q**2 + 18*q. Let r be f(-18). Suppose -r*k = -0*k - 236. Is k a composite number?
False
Let t(d) = -7810*d - 959. Is t(-10) a composite number?
False
Let p = -944 - -1735. Let h = 3228 - p. Is h a composite number?
False
Suppose 755*a = 682*a + 331055. Is a composite?
True
Suppose -3 = -2*z + 21. Suppose 4*x - 9 = h, 4*h - x = -h + z. Is 1 - (0 - h) - -247 composite?
False
Let p = 41528 - 69252. Let j = p - -8695. Is (-4)/(-18) - (-2 + j/27) a prime number?
False
Suppose -2*q - 5*h = 26 - 5, 5*h + 23 = -q. Let y(x) = 147 - 3*x + 2*x**2 + 3*x**q - 138. Is y(-5) composite?
False
Let q = 50544 - -19139. Is q a prime number?
False
Let q = -91643 - -303420. Is q a prime number?
True
Let x = 22 + -4. Suppose -x = 3*s - 12*s. Suppose -3*r + s*i + 3759 = -i, -i - 5012 = -4*r. Is r a prime number?
False
Suppose 0 = -3*c + i + 499109, 6*c - 7*c + 166363 = 3*i. Is c a composite number?
True
Suppose 5*l + 350582 = 2*i, -5*i + 837*l + 876331 = 840*l. Is i a prime number?
False
Let t(z) = 293*z + 111. Let v(q) = -q - 1. Let f(r) = -t(r) - 2*v(r). Is f(-12) composite?
True
Suppose -138 = 9*p - 471. Let h(s) = 666*s - 49. Is h(p) a composite number?
False
Is (12140*2317/588 - (-4)/14)*3 a prime number?
True
Let s = 415163 - -148728. Is s a prime number?
False
Let j be (-62)/14 + 24/(-42). Let b(i) = -89*i - 2. Let p(v) = -45*v - 1. Let l(t) = j*p(t) + 3*b(t). Is l(-2) a composite number?
False
Let d(g) = 4*g**3 + 2*g**2 + g + 2039. Let k be 0/((-2 + 1)*1). Is d(k) a prime number?
True
Let o be ((-45)/54 - 1/6)*-4. Suppose 13627 = o*x + 5031. Is x prime?
False
Let f(g) be the first derivative of 359*g**2/2 - 7*g - 10. Let i be f(3). Let d = -733 + i. Is d composite?
False
Let m(w) = w**2 + 11*w + 41. Let l be m(-6). Let s(x) = 28*x**2 - 3*x - 2. Is s(l) composite?
True
Suppose 0 = z - 3*z + 4*k + 64150, 4*k = z - 32087. Is z prime?
True
Suppose 32*q = 22*q + 277340. Let t = q + 2607. Is t composite?
False
Let n(v) = -v**3 + 16*v**2 + 12*v - 20. Let r be n(-8). Suppose -15*c = 5*c - r. Is c a prime number?
True
Let g(q) = -q**2 + 8*q - 7. Let h be g(5). Let j(k) = 15*k**2 - 17*k - 9. Is j(h) prime?
False
Is 2714720/25 - (-7)/(34 + 1) a prime number?
False
Let m = -75 + 430. Let u = 185 - m. Let j = 291 + u. Is j a composite number?
True
Is 88/8 + -13 - 4 - (2 - 654775) composite?
False
Suppose 7*z + 22 = 78. Suppose j = 2*d - 11131, -z*d + 5*d + 4*j = -16709. Is d composite?
False
Let q be (2 - 0) + 4 + 10 + -7. Suppose 4361 = 16*v - q*v. Is v a composite number?
True
Let t = -532706 - -785191. Is t composite?
True
Suppose 3*m = 3*g + 125391, m = -4*g + 17921 + 23906. Is m prime?
False
Let m be ((-2)/(-3))/(1*(-4)/42). Let t be (-4)/m - 1287/(-63). Suppose t*r - 17*r - 5860 = 0. Is r a composite number?
True
Let i(c) = -c**3 - 20*c**2 - 18*c - 14. Let w be i(-19). Let r = -36 - w. Is 1 + (-1 - -4859 - (1 + r)) a prime number?
True
Suppose 4*u + 2*l + 607286 = 8*u, 4*l = 2*u - 303628. Suppose 33*m + u = 81*m. Is m a prime number?
True
Suppose 0 = -5*u + 2*m + 332877, 3*u + 199735 = 6*u + m. Is u prime?
False
Suppose -4*g + 3*g + k + 294006 = 0, -4*k = 3*g - 882011. Suppose -g + 42278 = -21*c. Is c a composite number?
False
Suppose -2 = 2*b, -222*y + 219*y + 32494 = -b. Is y prime?
True
Let w(j) be the first derivative of 1/3*j**3 - 2*j**2 + 26 + 7*j. Is w(-14) composite?
True
Let s = -53638 + 105593. Is s a composite number?
True
Suppose 45*v = -509405 + 8412260. Is v prime?
False
Let q be (-440)/(-20 - -10) - (-4)/(-1). Suppose -38*n - 422 = -q*n. Is n prime?
True
Let u(t) = 75428*t**2 - 42*t + 41. Is u(1) prime?
False
Let t = -31 - -84. Let q = t - -2501. Is q a composite number?
True
Let c be -2*(-4)/(-12) + 58/6. Suppose 4*p + 10 = c